 Let l = 4897 + v. Is l a prime number?
False
Let c(x) = 229*x - 104. Suppose 22 = -3*o + 49. Is c(o) a prime number?
False
Let v = 8805 - -2372. Is v a composite number?
False
Let a(f) = -27*f - 9. Let m be a(-17). Suppose m = p - 989. Is p prime?
True
Let i = -1543 + 23658. Is i a prime number?
False
Let x(z) = -157*z**2 - 3*z + 1. Let h(g) = -g**2 + g - 1. Let c be (-1)/2*(-2 + -2 + 6). Let s(j) = c*x(j) - 2*h(j). Is s(1) composite?
True
Let y be 1 - 20*(-1)/(-2). Let f(v) = -205*v + 12. Let i be f(y). Suppose 0 = -6*x + i + 4041. Is x prime?
True
Let r = 538 + -358. Suppose 175*n = r*n - 18610. Is n composite?
True
Let s be (6 - -2) + -4 + (2 - 2). Suppose 0 = 2*n - 8, 4*n + 7572 = s*v - 0*v. Is v composite?
True
Let g(x) = x. Let w(j) = 84*j + 28. Let y(s) = 3*g(s) + w(s). Let a be y(12). Suppose -i = -5*c - a, -2*i + i + 3*c = -1078. Is i composite?
False
Let i = 906 + 2707. Is i prime?
True
Suppose -q - 160 = -u + 3*q, -2*u = 3*q - 287. Suppose 146*w - u*w = -1556. Suppose 56*l + w = 58*l. Is l a prime number?
True
Suppose 4*h - 3292 = -204. Suppose 0 = -25*w + 14470 + 7055. Let d = h + w. Is d a prime number?
False
Let t(s) = 66*s - 57 + 239*s**2 - 24*s - 25*s - 24*s. Is t(-5) prime?
True
Suppose 2011625 - 437798 = 41*c + 16*c. Is c prime?
True
Let x = 324594 + -175265. Is x composite?
True
Suppose -4*g = -0*s + 2*s + 142, -5*s = 5*g + 165. Let l be (-20)/190 + (-14216)/g. Suppose -l = -10*r + 896. Is r composite?
False
Suppose 5*m - 82164 = 2*n + 8961, -3*m + 54656 = -5*n. Is m prime?
False
Let k(w) = -w**2 + 7*w - 9. Let r be k(3). Suppose 2*f + 3*d = 4118, r*d + 825 = 2*f - 3269. Is f composite?
False
Let q = -11 + 13. Is 1189 + 2 + -3 + (-2)/q a composite number?
False
Suppose -26*z = 14*z + 360. Is (-8)/(-20) - ((-9394542)/(-30))/z composite?
True
Let q be (-323380)/60 + 4/(-3). Let v = q + 12760. Is v a prime number?
True
Suppose -l = 2*g - 620 + 3990, 2*l - 4 = 0. Let u = 7294 + g. Suppose 5*d - d + 4*f - u = 0, 0 = -3*f + 9. Is d a composite number?
False
Let r = 369332 + -192717. Is r a prime number?
False
Suppose -5*j = -778 - 492. Suppose -i + 1227 = -j. Is i composite?
False
Suppose -9 = -2*o + 5*k, 8*o - 5*o - 2*k = 19. Suppose -9*i + 6502 = -o*i. Is i a composite number?
False
Suppose 0 = q + b - 5, 5*q + 5 = -b + 18. Suppose 2 = -q*s + 8. Is (s - 1454/6)*-3 a prime number?
False
Is ((-1)/5 - 31/(-5)) + 268084 + -1 composite?
True
Let l(t) = 10*t**3 + 5*t**2 + 20*t - 9. Let y be l(-9). Let b = -2291 - y. Is b a composite number?
False
Suppose -v - 115 = 4*v. Let o = 453 - 645. Let x = v - o. Is x a prime number?
False
Let y(z) = 16 + 4*z - 6*z + 0*z. Let u be y(5). Suppose -2*a - 2*a - n + 1326 = 0, 0 = 3*n - u. Is a prime?
True
Suppose -11*w = -6*w + 40, -v + 5*w = -1053073. Is v prime?
False
Let u = 86 - 84. Let z be (-2)/(-3 - (u - 3)). Is (3 - -383) + -3 - z prime?
False
Suppose -2*i + 5*i = 9*i. Suppose 0 = -5*h - 2*j + 31943, h + 4*h - 5*j - 31950 = i. Is h prime?
True
Is (9 + -179713)/(-4) + -17 a composite number?
False
Let u(s) = s**3 + 4*s**2 - 12*s - 20. Let p be u(-3). Let n(a) = 937*a + 34. Is n(p) prime?
True
Is (12369602/609)/((-1)/(-3)) a prime number?
False
Let s(i) = -1049*i - 95 + 177 - 90. Is s(-1) prime?
False
Let y be (-28)/(-6)*((-3)/2 - 0). Let f(b) = 58 + 8*b - 7 - 64*b + 4. Is f(y) a composite number?
True
Let d(x) = x - 5. Let j be d(7). Suppose 3*l - a = 197, -2*l = -3*l + j*a + 69. Let k = 103 - l. Is k composite?
True
Let z = -17878 + 45027. Is z a prime number?
False
Suppose -2*n + 1535 = -k, n = -k + 4*k + 4595. Let j = 3028 + k. Suppose 0 = 5*z - 2*z - j. Is z composite?
False
Suppose -7*a + 2*a - 3*j + 49 = 0, -14 = -a - 2*j. Is (-6)/a*(-95684)/57 a composite number?
False
Let f(i) = 892*i + 177. Suppose h = -0*h, -4*h - 7 = -g. Is f(g) a prime number?
True
Let n = 45 - 41. Let h(u) = -n*u - 7*u - 14*u - 16. Is h(-9) prime?
False
Let m(o) be the second derivative of 271*o**4/12 - o**3/2 + 9*o**2/2 - 2*o + 29. Is m(5) prime?
False
Let i = 2017 - 420. Suppose 5*s = 4*g + i - 82194, 0 = -3*g - s + 60462. Is g prime?
False
Is 176846/(-2)*(-2 - (-2)/(-10)*-5) composite?
False
Suppose 4*s - 383937 = d, -4*d = -4*s + 156992 + 226960. Is s a prime number?
False
Let l = 212 + -26. Suppose -1636 = -3*t + 2*x, 3*t = 4*x + l + 1460. Suppose 0 = 4*u - 1014 - t. Is u composite?
False
Suppose 13*y = 2*d + 8025155 + 21768330, -5*y + 5*d = -11459020. Is y prime?
False
Let x be -11 - (-9)/(54/40944). Suppose 2 - 1 = -p, 2*p + 9546 = -2*m. Let r = m + x. Is r a composite number?
True
Let o = 0 + 5. Suppose -3*c + 5 = -1. Suppose 3*m + 792 = c*h - 523, -15 = o*m. Is h prime?
True
Let o be (254/(-6))/((-8)/(-96)). Let p = 1459 + o. Is p composite?
True
Suppose 0 = 16*s + 82*s - 3641578 - 1107796. Is s a prime number?
True
Let y = 158 + -159. Let i(q) = 1628*q**2 + 8*q + 1. Is i(y) a prime number?
True
Suppose -3260 = -6*a + 6880. Let g = a - 1055. Is g a composite number?
True
Suppose -y = 9*c - 4*c - 16, -c = 4*y - 26. Let g(o) = o**3 - 2*o**2 - 13*o + 19. Is g(y) prime?
False
Let i be ((-2)/20)/(60/(-126600)). Suppose a = 66 + 105. Suppose i = 2*z - a. Is z a prime number?
True
Suppose d + 25 = 6. Let i be 1*3 + (-19 - d). Suppose 939 = i*f - 126. Is f prime?
False
Let d(a) = 4186*a + 159. Let f(m) = -4187*m - 156. Let v(p) = -3*d(p) - 4*f(p). Is v(7) a prime number?
False
Let m(a) = 480*a**2 + 23*a + 149. Is m(-6) a prime number?
True
Is (-200201 + 2)*(-14)/6 a composite number?
True
Let j = 76 + -78. Let q be (6/4 + j)*(-6 + 6). Suppose -6*p - 4556 + 27218 = q. Is p composite?
True
Let l(f) = 10*f**2 + 7*f + 3. Let j be l(-4). Let i be 2/1*j/6. Let v = -8 + i. Is v a prime number?
True
Let s = -15895 - -18886. Is s composite?
True
Let s(o) = o**2 + 6*o - 9. Let c be s(3). Let f be -4340*-2*c/24. Suppose -5*r = -4*p - f - 8851, 5*r + 2*p - 15367 = 0. Is r a composite number?
True
Let l = 214240 + -133463. Is l a composite number?
False
Suppose -3*l + 3*z - 53 + 8 = 0, -2*l - 3*z = 15. Is 10*6/l - -8800 composite?
True
Suppose -15*o + 14*o - 3087914 = -35*o. Is o prime?
True
Let t(i) = 4*i + 63. Suppose -6*p = -30 - 78. Let n be t(p). Let f = n - 32. Is f prime?
True
Suppose 0 = -89*m + 84*m + 10. Let u(v) be the third derivative of 103*v**5/30 + v**4/4 - 7*v**3/6 - 2*v**2. Is u(m) prime?
True
Suppose 2*o = 3*u - 7*u + 67482, 0 = 5*o + u - 168696. Is o a prime number?
True
Let c(v) be the third derivative of v**4/12 - 14*v**3/3 - v**2. Let b be c(15). Suppose -5267 = -b*s + 3575. Is s prime?
True
Suppose -113*r - 28*r + 527361 = -30*r. Is r a composite number?
False
Suppose -44*n - 40810 = -55*n. Suppose -21986 = -4*c - n. Is c a prime number?
False
Let j = -79 + 87. Suppose j*y = -y + 134307. Is y composite?
False
Let y = -309 - -316. Let j(z) = 15*z**2 - 20*z + 18. Is j(y) composite?
False
Let j(w) be the second derivative of -w**5/4 + 5*w**4/12 - w**3/2 - 23*w**2/2 + 41*w. Is j(-10) composite?
False
Let w(l) = 2*l**2 + 8*l + 14. Let c be -7 + (-3)/6*(-5 - 1). Let x be w(c). Let q(o) = o**3 - 12*o**2 + 5. Is q(x) a composite number?
False
Suppose -2*r = -3*s - 2440, 3*s + 19*r = 18*r - 2425. Let b = -148 - s. Is b a prime number?
False
Suppose -2*f - 29 - 25 = 3*d, 5*d + 110 = -4*f. Let q = f - -37. Suppose -q*r = 6*r - 59215. Is r composite?
True
Let o be (-148)/111*(-6)/4. Suppose 0 = -2*n - o*y + 330, -14 + 495 = 3*n - 4*y. Is n prime?
True
Let c(d) = 3*d - 101. Let j be c(35). Suppose 75508 = 5*g + 3*a, -15097 = -30*g + 29*g + j*a. Is g a composite number?
False
Let f = 5820 + -3488. Suppose -5*n = -n - f. Is n prime?
False
Let j(m) = 0 + 1 - m + 18. Let t be j(-10). Suppose 0 = -t*n + 30*n - 655. Is n prime?
False
Let c(h) = -12173*h + 12194*h + 14*h**2 + 25*h**2 + 1. Is c(10) prime?
True
Let r be (-16)/104 + (-16960)/(-52). Suppose 2797 + r = 3*k. Is k prime?
False
Let m(a) = -a**3 + 12*a**2 + 10*a - 6. Let g be m(9). Let z be (-2 - g) + (-1 - 0). Is ((1 - 2) + z)/(-1 - 0) composite?
False
Suppose -21*c + 19*c = 4, 4936 = -4*u + 4*c. Let g = 5309 + u. Is g a prime number?
True
Let a(d) = -d**3 + 146*d**2 + 403*d - 309. Is a(137) composite?
False
Suppose -2678 = 5*t + 3*c, 3*t + 0*t = c - 1604. Let u = 854 + t. Is u a prime number?
False
Suppose -363518 = 90*l - 1194213 - 706235. Is l a composit